te the remainder when 5365 is divided by 158.
151
What is the remainder when 1004 is divided by 265?
209
What is the remainder when 404742 is divided by 618?
570
What is the remainder when 232502 is divided by 91?
88
Calculate the remainder when 16225 is divided by 427.
426
Calculate the remainder when 145144 is divided by 283.
248
Calculate the remainder when 1592 is divided by 309.
47
Calculate the remainder when 54208 is divided by 51.
46
What is the remainder when 562527 is divided by 16?
15
Calculate the remainder when 16347 is divided by 811.
127
What is the remainder when 1355974 is divided by 74?
72
Calculate the remainder when 1610 is divided by 791.
28
What is the remainder when 23073 is divided by 1648?
1
What is the remainder when 3457 is divided by 1148?
13
What is the remainder when 37150 is divided by 32?
30
What is the remainder when 121768 is divided by 247?
244
Calculate the remainder when 76228 is divided by 14.
12
Calculate the remainder when 21814 is divided by 36.
34
What is the remainder when 135678 is divided by 71?
68
Calculate the remainder when 2045 is divided by 6.
5
What is the remainder when 802 is divided by 127?
40
Calculate the remainder when 433 is divided by 318.
115
What is the remainder when 1022 is divided by 301?
119
Calculate the remainder when 13738 is divided by 650.
88
Calculate the remainder when 693 is divided by 317.
59
What is the remainder when 172854 is divided by 68?
66
What is the remainder when 45362 is divided by 666?
74
What is the remainder when 16276 is divided by 4052?
68
Calculate the remainder when 5200 is divided by 1786.
1628
What is the remainder when 5303 is divided by 462?
221
What is the remainder when 22009 is divided by 579?
7
Calculate the remainder when 11531 is divided by 10.
1
What is the remainder when 243934 is divided by 242?
240
Calculate the remainder when 6388 is divided by 5.
3
What is the remainder when 592771 is divided by 71?
63
What is the remainder when 5008 is divided by 371?
185
Calculate the remainder when 1060999 is divided by 125.
124
What is the remainder when 103104 is divided by 14?
8
What is the remainder when 8033 is divided by 217?
4
What is the remainder when 5901 is divided by 520?
181
Calculate the remainder when 6456 is divided by 73.
32
Calculate the remainder when 302 is divided by 190.
112
What is the remainder when 2873 is divided by 193?
171
Calculate the remainder when 1880306 is divided by 27.
26
What is the remainder when 5736 is divided by 137?
119
Calculate the remainder when 13943 is divided by 1865.
888
What is the remainder when 6441 is divided by 247?
19
Calculate the remainder when 11848 is divided by 95.
68
What is the remainder when 10107 is divided by 591?
60
Calculate the remainder when 127565 is divided by 952.
949
Calculate the remainder when 1527 is divided by 490.
57
What is the remainder when 45565 is divided by 577?
559
What is the remainder when 825122 is divided by 25?
22
What is the remainder when 62022 is divided by 3875?
22
Calculate the remainder when 4781 is divided by 33.
29
Calculate the remainder when 40168 is divided by 13191.
595
Calculate the remainder when 35714 is divided by 916.
906
Calculate the remainder when 1063248 is divided by 45.
33
Calculate the remainder when 380 is divided by 298.
82
Calculate the remainder when 495667 is divided by 37.
15
What is the remainder when 687 is divided by 422?
265
What is the remainder when 5354 is divided by 316?
298
What is the remainder when 16268 is divided by 66?
32
What is the remainder when 2474 is divided by 1189?
96
Calculate the remainder when 33839 is divided by 36.
35
Calculate the remainder when 1094 is divided by 167.
92
Calculate the remainder when 1951 is divided by 1922.
29
What is the remainder when 509100 is divided by 72?
60
Calculate the remainder when 512 is divided by 87.
77
Calculate the remainder when 10047 is divided by 4491.
1065
What is the remainder when 9657 is divided by 346?
315
Calculate the remainder when 44463 is divided by 214.
165
Calculate the remainder when 9115 is divided by 242.
161
What is the remainder when 78923 is divided by 218?
7
Calculate the remainder when 6419 is divided by 2819.
781
What is the remainder when 3198 is divided by 358?
334
What is the remainder when 10091 is divided by 294?
95
Calculate the remainder when 65235 is divided by 28.
23
What is the remainder when 188 is divided by 50?
38
Calculate the remainder when 170385 is divided by 2103.
42
Calculate the remainder when 21240 is divided by 21205.
35
Calculate the remainder when 97875 is divided by 70.
15
Calculate the remainder when 55869 is divided by 532.
9
Calculate the remainder when 134232 is divided by 241.
236
What is the remainder when 44492 is divided by 16?
12
What is the remainder when 10643 is divided by 61?
29
What is the remainder when 59734 is divided by 29852?
30
What is the remainder when 434928 is divided by 5240?
8
What is the remainder when 9567 is divided by 9545?
22
Calculate the remainder when 11449 is divided by 110.
9
What is the remainder when 8630 is divided by 343?
55
What is the remainder when 75324 is divided by 571?
523
What is the remainder when 99603 is divided by 55?
53
What is the remainder when 10312 is divided by 126?
106
What is the remainder when 361585 is divided by 3117?
13
Calculate the remainder when 386701 is divided by 38.
13
Calculate the remainder when 673231 is divided by 8.
7
What is the remainder when 1731 is divided by 71?
27
What is the remainder when 336475 is divided by 981?
973
Calculate the remainder when 65215 is divided by 124.
115
Calculate the remainder when 88231 is divided by 12.
7
Calculate the remainder when 11131 is divided by 2224.
11
What is the remainder when 3815 is divided by 17?
7
What is the remainder when 24748 is divided by 619?
607
What is the remainder when 146888 is divided by 12?
8
What is the remainder when 93592 is divided by 31190?
22
What is the remainder when 1329029 is divided by 166128?
5
Calculate the remainder when 58638 is divided by 45.
3
What is the remainder when 3664 is divided by 605?
34
Calculate the remainder when 171339 is divided by 659.
658
What is the remainder when 9041 is divided by 821?
10
What is the remainder when 7154 is divided by 6?
2
Calculate the remainder when 145726 is divided by 43.
42
Calculate the remainder when 8540 is divided by 251.
6
What is the remainder when 73483 is divided by 24357?
412
Calculate the remainder when 83710 is divided by 8365.
60
Calculate the remainder when 29504 is divided by 55.
24
What is the remainder when 7477 is divided by 481?
262
What is the remainder when 12200 is divided by 1837?
1178
What is the remainder when 6117 is divided by 104?
85
What is the remainder when 231513 is divided by 54?
15
Calculate the remainder when 1574908 is divided by 49.
48
Calculate the remainder when 92744 is divided by 92733.
11
What is the remainder when 288286 is divided by 176?
174
Calculate the remainder when 12520 is divided by 107.
1
Calculate the remainder when 1273 is divided by 46.
31
Calculate the remainder when 44161 is divided by 1.
0
What is the remainder when 72619 is divided by 134?
125
What is the remainder when 121851 is divided by 71?
15
Calculate the remainder when 1058415 is divided by 1143.
1140
Calculate the remainder when 2904 is divided by 41.
34
Calculate the remainder when 6665 is divided by 3299.
67
Calculate the remainder when 2508 is divided by 349.
65
Calculate the remainder when 3443 is divided by 1113.
104
What is the remainder when 46546 is divided by 53?
12
What is the remainder when 209310 is divided by 29900?
10
Calculate the remainder when 24193 is divided by 72.
1
What is the remainder when 347688 is divided by 69?
66
What is the remainder when 4948 is divided by 618?
4
Calculate the remainder when 232164 is divided by 787.
786
What is the remainder when 44198 is divided by 74?
20
What is the remainder when 30365 is divided by 363?
236
What is the remainder when 34725 is divided by 34719?
6
What is the remainder when 26735 is divided by 921?
26
What is the remainder when 17660 is divided by 3532?
0
What is the remainder when 22174 is divided by 5534?
38
What is the remainder when 7326 is divi